 b(s) = s**2 + 11*s + 14. What is b(-6)?
-16
Let o(z) = -z**3 - 3*z**2 - 4*z + 2. Determine o(-2).
6
Let o(x) = -x**2 - 4*x + 3. Give o(-5).
-2
Let v(w) = -4*w**2 + 17*w - 2. Calculate v(8).
-122
Let l(h) = h**3 + 5*h**2 + 6*h - 5. Calculate l(-4).
-13
Let f(o) = 2*o**3 - 27*o**2 - 12*o - 31. Determine f(14).
-3
Let l(s) = -s**3 + 9*s**2 - 7*s - 7. Give l(8).
1
Let y(t) = 37*t**2 + t. Give y(-1).
36
Let c(n) = -n**3 - 3*n**2 - n - 2. Determine c(-3).
1
Let j(f) = 9*f**2 + 3*f + 1. What is j(2)?
43
Let m(n) = -3*n**2. Determine m(1).
-3
Let k(a) = a**3 - 6*a**2 - 6*a. Calculate k(7).
7
Let z(f) = -f**2 - 5*f - 1. Determine z(-5).
-1
Let j(a) = -a**3 - a**2 + a. Calculate j(-2).
2
Let y(t) = 5*t**2 - 34*t + 1. Give y(7).
8
Let x(j) = j**3 - 2*j**2 - 5*j + 8. Calculate x(4).
20
Let q(z) = z**2 - 7*z + 4. Determine q(5).
-6
Let q(y) = y + 4. Calculate q(-14).
-10
Let t(y) = y + 5. Calculate t(-5).
0
Let l(v) = -v**3 + 9*v**2 - 11*v - 4. Determine l(8).
-28
Let b(w) = 2*w**2 + 10*w + 9. Calculate b(-5).
9
Let k(x) = -7*x. Determine k(1).
-7
Let o(r) = -2*r**2 + 41*r + 15. Give o(21).
-6
Let m(f) = -f**2 + 6*f - 9. Determine m(6).
-9
Let k(t) = t**3 + 4*t**2 - 6*t - 4. Give k(-4).
20
Let p(a) = 446*a + 2676. Determine p(-6).
0
Let t(n) = 3*n - 13. Calculate t(-13).
-52
Let g(d) = -10*d**2 + 71*d + 4. Give g(7).
11
Let q(w) = -2*w - 10. Determine q(7).
-24
Let v(z) = z**2 - 21*z + 22. What is v(18)?
-32
Let b(p) = -3*p**3 + 22*p**2 - 5*p - 9. Calculate b(7).
5
Let r(k) = -13*k - 69. What is r(-10)?
61
Let c(m) = -m**3 + 14*m**2 + 2*m - 15. Give c(14).
13
Let s(o) = o**2 - 5*o - 11. Calculate s(8).
13
Let m(p) = p**3 - 8*p**2 + p - 3. What is m(8)?
5
Let v(k) = -k**3 - 5*k**2 - 2*k + 6. Give v(-4).
-2
Let u(t) = 35*t - 11. Determine u(3).
94
Let m(g) = g**3 + 4*g**2 + 8*g - 3. Calculate m(-4).
-35
Let c(b) = -b**2 + b + 5. Calculate c(0).
5
Let b(w) = w**3 + 25*w**2 + 22*w - 47. Give b(-24).
1
Let m(b) = b**3 - 18*b**2 + 13*b - 4. Calculate m(17).
-72
Let y(g) = -2*g**2 - 35*g - 33. Determine y(-17).
-16
Let s(u) = -37*u + 658. What is s(18)?
-8
Let q(d) = -d**3 - 2*d**2 - d + 1. Determine q(-3).
13
Let g(o) = 26*o - 1. What is g(-4)?
-105
Let x(q) = -2*q**2 - 3*q + 4. Calculate x(2).
-10
Let t(r) = -r**3 - 11*r**2 - 15*r - 1. What is t(-10)?
49
Let n(t) = t**3 - 25*t**2 - 25*t - 31. What is n(26)?
-5
Let p(l) = l**2 - 20*l + 56. What is p(16)?
-8
Let k(d) = -5*d**2 + 5*d + 5. Determine k(-3).
-55
Let c(q) = 16*q**2 - q + 3. What is c(1)?
18
Let w(h) = -8*h**3 - h**2 - h - 1. Give w(-1).
7
Let i(u) = -5*u - 168. Determine i(-36).
12
Let i(o) = -o**3 - o + 2. Determine i(-2).
12
Let w(y) = -y**3 + 4*y**2. Determine w(4).
0
Let f(v) = v**2 - 5*v + 5. What is f(4)?
1
Let s(p) = 5*p**2 + 12*p + 12. What is s(-1)?
5
Let u(k) = -3*k**2 - 16*k + 8. Calculate u(-6).
-4
Let x(m) = -2*m**3 + 6*m**2 - 7*m + 7. Calculate x(4).
-53
Let t(f) = -f**3 - 3*f - 3. Calculate t(-2).
11
Let l(p) = 2*p**3 + 32*p**2 - p - 21. What is l(-16)?
-5
Let f(d) = d**2 - 15*d - 8. Give f(15).
-8
Let m(s) = -s**3 + 7*s**2 - 15*s + 11. Give m(6).
-43
Let l(c) = c**2 + 8*c + 3. What is l(-5)?
-12
Let z(p) = 28*p - 1. Determine z(1).
27
Let p(x) = 4*x**2 - 15*x + 6. Give p(3).
-3
Let m(x) = x**3 + 7*x**2 - 8*x + 10. Determine m(-8).
10
Let b(i) = -i**3 + 43. Determine b(0).
43
Let s(x) = 12*x**2 - 2*x + 1. Give s(1).
11
Let i(o) = -o + 2. Give i(-19).
21
Let v(i) = i - 6. Determine v(-8).
-14
Let m(j) = -j**2 + 4. Determine m(5).
-21
Let q(g) = g**2 + 7*g - 19. Give q(-9).
-1
Let r(x) = -18*x - 100. Determine r(-6).
8
Let z(m) = -3*m + 12. Give z(2).
6
Let n(l) = -14*l + 18. Determine n(1).
4
Let v(o) = -o**3 - 12*o**2 - 10. Give v(-12).
-10
Let t(f) = -2*f**2 + 7*f + 7. What is t(6)?
-23
Let s(z) = 3*z**2 + 21*z - 16. Calculate s(-11).
116
Let n(p) = -32*p**2 + p + 1. Calculate n(-1).
-32
Let j(i) = 3*i**3 - 6*i**2 + 2*i + 6. Determine j(2).
10
Let r(t) = -11*t**2 + t - 1. Calculate r(1).
-11
Let s(h) = -4*h**2 - 31*h - 2. What is s(-8)?
-10
Let y(f) = 2*f - 100. Determine y(26).
-48
Let n(t) = -t**3 - 12*t**2 + 3*t - 16. What is n(-12)?
-52
Let r(l) = l**3 + l**2 - 46*l + 26. Calculate r(6).
2
Let z(i) = i**2 - 5*i - 9. Give z(6).
-3
Let r(q) = -3*q**2 - 2*q + 4. Give r(4).
-52
Let z(o) = -o**3 + 7*o**2 - 4. Give z(7).
-4
Let n(d) = -2*d + 17. Calculate n(16).
-15
Let t(u) = -u - 3. What is t(-6)?
3
Let m(j) = -3*j**2 + 2*j - 3. Give m(2).
-11
Let u(f) = -f**2 + 2*f + 2. Calculate u(-1).
-1
Let j(v) = -v**3 + 2*v**2 + 3*v - 1. What is j(3)?
-1
Let z(k) = k**2 + 2*k. What is z(-2)?
0
Let y(i) = -i**2 - 4*i - 52. Give y(-7).
-73
Let c(q) = -3*q - 109. Calculate c(-30).
-19
Let l(y) = y**3 + 7*y**2 + 4*y + 8. What is l(-6)?
20
Let w(c) = -c**3 - 3*c**2 + 6*c - 22. What is w(-5)?
-2
Let a(t) = 113*t - 907. What is a(8)?
-3
Let z(m) = m - 1. Determine z(2).
1
Let w(t) = -2*t**2 - 39*t + 45. Give w(-21).
-18
Let h(i) = i**2 + 8. Calculate h(6).
44
Let s(g) = -5*g + 68. What is s(9)?
23
Let z(n) = 5*n + 104. Determine z(-19).
9
Let w(j) = j**2 + 30. What is w(0)?
30
Let l(r) = 4*r**2 - 2*r - 1. Calculate l(-4).
71
Let g(a) = -4*a**3 + 2*a**2 - 11*a - 12. Calculate g(-1).
5
Let k(j) = 14*j**2 - 3*j + 2. Give k(1).
13
Let x(k) = 5*k**2 - 7*k + 2. Determine x(2).
8
Let u(q) = 146*q**2 - q. What is u(1)?
145
Let f(v) = v**3 + v + 5. What is f(0)?
5
Let u(f) = -9*f - 80. Give u(3).
-107
Let f(s) = s**3 - 9*s**2 + s - 12. Calculate f(9).
-3
Let j(w) = -w**3 + 45*w**2 + 93*w + 42. Determine j(47).
-5
Let k(z) = -2*z**3 - 2*z**2 + 2*z + 6. What is k(-2)?
10
Let z(w) = -4*w + 47. Calculate z(12).
-1
Let v(q) = q**3 - 11*q**2 - 33*q + 85. Calculate v(13).
-6
Let a(n) = -n**3 - 3*n**2 + 4*n - 2. What is a(1)?
-2
Let m(i) = 14*i - 52. Calculate m(4).
4
Let o(i) = -5*i**2 - 10*i + 13. What is o(-3)?
-2
Let s(g) = -g**2 + 8*g - 22. Give s(9).
-31
Let u(k) = 6*k**2 - 2*k + 4. Calculate u(2).
24
Let w(k) = -31*k**2 + k - 1. Determine w(-1).
-33
Let y(z) = -3*z + 8. What is y(0)?
8
Let v(r) = -r**3 + 7*r - 5. Calculate v(-4).
31
Let h(p) = p**3 - 2*p**2 - 12*p - 7. Calculate h(-3).
-16
Let y(b) = -b**2 + 11*b - 21. Give y(5).
9
Let z(g) = -7*g - 16. Give z(-5).
19
Let i(c) = -c**3 - 10*c**2 + 11*c - 6. Calculate i(-11).
-6
Let c(n) = n**3 - 9*n**2 + 10*n - 14. What is c(8)?
2
Let w(g) = -4*g**3 - 3*g**2 + g + 4. Give w(-1).
4
Let j(f) = 2*f - 41. Determine j(19).
-3
Let u(j) = j - 3. Calculate u(-11).
-14
Let s(r) = -3*r**2 - 7*r + 5. Determine s(3).
-43
Let v(m) = m**2 + 25*m + 101. Calculate v(-20).
1
Let f(z) = -9*z. Calculate f(-5).
45
Let n(s) = 26*s**2 - s + 2. What is n(1)?
27
Let i(x) = 10*x**2 - 7*x + 12. What is i(2)?
38
Let p(m) = -13*m - 3. What is p(-1)?
10
Let u(k) = 2*k - 12. Give u(5).
-2
Let a(m) = -3*m**2 - 45*m - 46. Give a(-1).
-4
Let c(y) = -y**3 + 56*y**2 + 117*y - 62. Determine c(58).
-4
Let d(x) = -x**3 + 7*x**2 + 30*x - 16. Calculate d(10).
-16
Let d(c) = c**2 - 10*c + 13. Give d(2).
-3
Let u(j) = j**2 + 28*j - 40. Determine u(-29).
-11
Let k(j) = 2*j**2 + 3*j - 11. Give k(-5).
24
Let j(c) = -c + 7. Determine j(13).
-6
Let a(d) = d**3 + 4*d**2 - 9*d - 32. Determine a(-3).
4
Let y(s) = -s**2 + 42*s - 169. Calculate y(37).
16
Let n(w) = -41*w - 33. What is n(-1)?
8
Let q(d) = d**3 + d**2 - 9*d + 104. Calculate q(0).
104
Let n(h) = 5*h - 20. What is n(8)?
20
Let d(l) = 11*l**2 + 2*l + 2. Calculate d(-2).
42
Let x(b) = 2*b**3 - 4*b**2 + 5*b - 3. Determine x(2).
7
Let z(r) = -17*r**2 - 89*r - 16. Calculate z(-5).
4
Let s(a) = 2*a**2 + 9*a + 9. Determine s(-4).
5
Let h(s) = s**2 + 7*s + 10. Give h(-6).
4
Let t(u) = -u + 1. Calculate t(23).
-22
Let k(g) = -2*g**3 + 6*g**2 - 10*g + 1. Determine k(2).
-11
Let j(s) = -3*s**3 - s**2 + 2*s + 2. Determine j(-1).
2
Let z(f) = -2*f - 17. Calculate z(-7).
-3
Let j(p) = -24*p - 8. What is j(-4)?
88
Let n(j) = 9*j**2 + 7*j + 1. Give n(-4).
117
Let a(j) = 2*j**3 - 2*j - 1. Determine a(2).
11
Let d(t) = t**2 + 3*t + 1. Determine d(-7).
29
Let n(k) = -6*k - 331. Give n(-56).
5
Let s(p) = 2*p**2 - 11*p + 7. Calculate s(10).
97
Let f(s) = 2*s - 37. Determine f(18).
-1
Let w(f) = -f**2 + f + 6. Determine w(-7).
-50
Let m(i) = -i**3 + i - 30. Calculate m(0).
-30
Let u(b) = 5*b**2 - 3*b - 13. Determine u(3).
23
Let a(u) = u**3 - 26. Give a(0).
-26
Let m(